027?
7
What is the units digit of 9149?
9
What is the units digit of 1302?
2
What is the hundreds digit of 22747?
7
What is the hundreds digit of 1115?
1
What is the units digit of 257?
7
What is the thousands digit of 1900?
1
What is the tens digit of 11?
1
What is the units digit of 3092?
2
What is the hundreds digit of 134907?
9
What is the units digit of 1629?
9
What is the units digit of 59178?
8
What is the hundreds digit of 2331?
3
What is the units digit of 53?
3
What is the thousands digit of 14231?
4
What is the tens digit of 1931?
3
What is the tens digit of 9695?
9
What is the units digit of 6?
6
What is the hundreds digit of 47530?
5
What is the tens digit of 4479?
7
What is the hundreds digit of 1630?
6
What is the thousands digit of 10181?
0
What is the hundreds digit of 3172?
1
What is the tens digit of 71518?
1
What is the thousands digit of 31140?
1
What is the hundreds digit of 1607?
6
What is the tens digit of 2900?
0
What is the hundreds digit of 56263?
2
What is the units digit of 397?
7
What is the tens digit of 23875?
7
What is the units digit of 2000?
0
What is the units digit of 1614?
4
What is the units digit of 1051?
1
What is the hundreds digit of 377?
3
What is the hundreds digit of 425?
4
What is the units digit of 199?
9
What is the hundreds digit of 78809?
8
What is the tens digit of 1044?
4
What is the units digit of 74708?
8
What is the units digit of 691?
1
What is the units digit of 440?
0
What is the units digit of 9756?
6
What is the hundreds digit of 11126?
1
What is the units digit of 16539?
9
What is the hundreds digit of 5544?
5
What is the tens digit of 1208?
0
What is the ten thousands digit of 40402?
4
What is the thousands digit of 1080?
1
What is the units digit of 38342?
2
What is the hundreds digit of 2941?
9
What is the thousands digit of 1506?
1
What is the tens digit of 2272?
7
What is the hundreds digit of 490?
4
What is the units digit of 3557?
7
What is the tens digit of 2378?
7
What is the hundreds digit of 361?
3
What is the units digit of 99?
9
What is the hundreds digit of 220?
2
What is the ten thousands digit of 24781?
2
What is the tens digit of 7601?
0
What is the units digit of 28870?
0
What is the hundreds digit of 4352?
3
What is the thousands digit of 4544?
4
What is the units digit of 2440?
0
What is the hundreds digit of 19766?
7
What is the ten thousands digit of 45382?
4
What is the units digit of 48?
8
What is the units digit of 11587?
7
What is the tens digit of 517?
1
What is the units digit of 294?
4
What is the hundreds digit of 5772?
7
What is the hundreds digit of 1936?
9
What is the tens digit of 11218?
1
What is the hundreds digit of 75260?
2
What is the tens digit of 4969?
6
What is the tens digit of 3334?
3
What is the tens digit of 293?
9
What is the ten thousands digit of 63810?
6
What is the tens digit of 1884?
8
What is the ten thousands digit of 17547?
1
What is the tens digit of 687?
8
What is the units digit of 9074?
4
What is the units digit of 678?
8
What is the units digit of 3567?
7
What is the tens digit of 26997?
9
What is the units digit of 27083?
3
What is the units digit of 44408?
8
What is the thousands digit of 48276?
8
What is the thousands digit of 1674?
1
What is the thousands digit of 5234?
5
What is the tens digit of 2266?
6
What is the ten thousands digit of 16773?
1
What is the hundreds digit of 1410?
4
What is the thousands digit of 1190?
1
What is the tens digit of 9061?
6
What is the tens digit of 45175?
7
What is the hundreds digit of 8114?
1
What is the thousands digit of 2253?
2
What is the thousands digit of 70089?
0
What is the thousands digit of 38192?
8
What is the tens digit of 1411?
1
What is the tens digit of 1407?
0
What is the tens digit of 149244?
4
What is the units digit of 66251?
1
What is the thousands digit of 6788?
6
What is the thousands digit of 9505?
9
What is the ten thousands digit of 26290?
2
What is the tens digit of 3059?
5
What is the units digit of 1205?
5
What is the thousands digit of 57707?
7
What is the tens digit of 2881?
8
What is the ten thousands digit of 17865?
1
What is the hundreds digit of 1003?
0
What is the tens digit of 42795?
9
What is the units digit of 19512?
2
What is the tens digit of 883?
8
What is the units digit of 30581?
1
What is the tens digit of 8707?
0
What is the thousands digit of 1008?
1
What is the tens digit of 5321?
2
What is the units digit of 96902?
2
What is the tens digit of 3930?
3
What is the ten thousands digit of 108098?
0
What is the hundreds digit of 4095?
0
What is the thousands digit of 2487?
2
What is the hundreds digit of 886?
8
What is the thousands digit of 74106?
4
What is the hundreds digit of 815?
8
What is the hundreds digit of 768?
7
What is the units digit of 1494?
4
What is the ten thousands digit of 58830?
5
What is the units digit of 7521?
1
What is the hundreds digit of 2758?
7
What is the tens digit of 493?
9
What is the ten thousands digit of 68823?
6
What is the hundreds digit of 295?
2
What is the thousands digit of 1231?
1
What is the units digit of 5945?
5
What is the units digit of 6556?
6
What is the thousands digit of 1026?
1
What is the hundreds digit of 1732?
7
What is the tens digit of 3200?
0
What is the tens digit of 764?
6
What is the ten thousands digit of 24071?
2
What is the units digit of 1000?
0
What is the units digit of 2803?
3
What is the tens digit of 54181?
8
What is the hundreds digit of 9488?
4
What is the tens digit of 9105?
0
What is the tens digit of 32831?
3
What is the thousands digit of 2776?
2
What is the hundreds digit of 74751?
7
What is the tens digit of 28906?
0
What is the ten thousands digit of 98302?
9
What is the tens digit of 191?
9
What is the hundreds digit of 130929?
9
What is the thousands digit of 9496?
9
What is the units digit of 163942?
2
What is the hundreds digit of 1110?
1
What is the thousands digit of 45250?
5
What is the ten thousands digit of 19770?
1
What is the thousands digit of 8541?
8
What is the units digit of 632?
2
What is the hundreds digit of 2555?
5
What is the units digit of 57777?
7
What is the hundreds digit of 1010?
0
What is the tens digit of 3533?
3
What is the thousands digit of 17244?
7
What is the thousands digit of 3053?
3
What is the hundreds digit of 4686?
6
What is the hundreds digit of 4079?
0
What is the hundreds digit of 14858?
8
What is the hundreds digit of 19735?
7
What is the thousands digit of 3242?
3
What is the tens digit of 4297?
9
What is the ten thousands digit of 160252?
6
What is the units digit of 1170?
0
What is the ten thousands digit of 10384?
1
What is the thousands digit of 5157?
5
What is the hundreds digit of 5854?
8
What is the thousands digit of 3749?
3
What is the thousands digit of 73675?
3
What is the thousands digit of 13116?
3
What is the hundreds digit of 47750?
7
What is the units digit of 58547?
7
What is the tens digit of 6584?
8
What is the hundreds digit of 2562?
5
What is the hundreds digit of 1821?
8
What is the hundreds digit of 33089?
0
What is the thousands digit of 13741?
3
What is the thousands digit of 192836?
2
What is the thousands digit of 39655?
9
What is the tens digit of 3396?
9
What is the thousands digit of 3575?
3
What is the tens digit of 877?
7
What is the thousands digit of 1931?
1
What is the ten thousands digit of 12281?
1
What is the units digit of 769?
9
What is the units digit of 11208?
8
What is the units digit of 3256?
6
What is the hundreds digit of 1213?
2
What is the units digit of 2037?
7
What is the tens digit of 513?
1
What is the hundreds digit of 546?
5
What is the thousands digit of 48336?
8
What is the hundreds digit of 15780?
7
What is the ten thousands digit of 67669?
6
What is the hundreds digit of 449?
4
What is the units digit of 73?
3
What is the tens digit of 41787?
8
What is the hundreds digit of 3873?
8
What is the units digit of 32630?
0
What is the units digit of 4259?
9
What is the tens digit of 92?
9
What is the ten thousands digit of 10966?
1
What is the tens digit of 2429?
2
What is the thousands digit of 15657?
5
What is the units digit of 38846?
6
What is the thousands digit of 5514?
5
What is the units digit of 7343?
3
What is the tens digit of 27219?
1
What is the hundred